at is the remainder when 339224 is divided by 48460?
4
Calculate the remainder when 20736462 is divided by 28.
26
Calculate the remainder when 936746 is divided by 380.
46
What is the remainder when 76419 is divided by 5083?
174
Calculate the remainder when 4688601 is divided by 36.
33
Calculate the remainder when 2874933 is divided by 701.
132
Calculate the remainder when 94827171 is divided by 54280.
11
What is the remainder when 768725 is divided by 1088?
597
Calculate the remainder when 4155797 is divided by 13670.
117
Calculate the remainder when 193648 is divided by 1047.
1000
Calculate the remainder when 3889143 is divided by 42273.
27
What is the remainder when 16048171 is divided by 692?
691
Calculate the remainder when 304253 is divided by 68.
21
Calculate the remainder when 58608494 is divided by 21.
14
What is the remainder when 19639218 is divided by 668?
18
Calculate the remainder when 3082893 is divided by 1100.
693
Calculate the remainder when 7989328 is divided by 753.
751
What is the remainder when 832492 is divided by 118898?
206
Calculate the remainder when 8848 is divided by 1495.
1373
What is the remainder when 1478922 is divided by 8262?
24
What is the remainder when 13361778 is divided by 894?
54
What is the remainder when 5128342 is divided by 72?
70
Calculate the remainder when 862453 is divided by 431223.
7
What is the remainder when 120680 is divided by 39658?
1706
Calculate the remainder when 19048682 is divided by 2721236.
30
Calculate the remainder when 359710 is divided by 2727.
2473
What is the remainder when 627185 is divided by 24?
17
What is the remainder when 3812235 is divided by 23245?
55
Calculate the remainder when 58810 is divided by 58076.
734
What is the remainder when 27187954 is divided by 12?
10
What is the remainder when 346292 is divided by 346201?
91
What is the remainder when 110598241 is divided by 5?
1
Calculate the remainder when 183078 is divided by 61019.
21
What is the remainder when 93189 is divided by 4899?
108
Calculate the remainder when 1198151 is divided by 23963.
1
What is the remainder when 3362205 is divided by 26?
15
Calculate the remainder when 370295 is divided by 33.
2
Calculate the remainder when 1238737 is divided by 250.
237
Calculate the remainder when 20698031 is divided by 10349012.
7
Calculate the remainder when 1958244 is divided by 106.
0
What is the remainder when 546399 is divided by 2070?
1989
What is the remainder when 52384009 is divided by 2268?
13
What is the remainder when 1126680 is divided by 27?
24
What is the remainder when 15806 is divided by 13137?
2669
What is the remainder when 31251559 is divided by 290?
289
What is the remainder when 1310 is divided by 605?
100
What is the remainder when 601315 is divided by 300653?
9
Calculate the remainder when 105329 is divided by 8077.
328
What is the remainder when 104064 is divided by 2029?
585
Calculate the remainder when 380376 is divided by 2797.
2781
Calculate the remainder when 168547 is divided by 56122.
181
Calculate the remainder when 3972824 is divided by 494.
76
What is the remainder when 2620920 is divided by 873599?
123
Calculate the remainder when 279165 is divided by 46527.
3
Calculate the remainder when 44651 is divided by 21301.
2049
Calculate the remainder when 689620 is divided by 57467.
16
Calculate the remainder when 248552 is divided by 722.
184
What is the remainder when 33344 is divided by 1569?
395
What is the remainder when 1514271 is divided by 94637?
79
Calculate the remainder when 4846304 is divided by 989.
204
Calculate the remainder when 188045 is divided by 44121.
11561
Calculate the remainder when 457136 is divided by 555.
371
What is the remainder when 30337 is divided by 911?
274
Calculate the remainder when 1646051 is divided by 580.
11
What is the remainder when 9097 is divided by 313?
20
What is the remainder when 7124599 is divided by 827?
821
Calculate the remainder when 2091694 is divided by 2098.
2086
What is the remainder when 13631 is divided by 2502?
1121
Calculate the remainder when 2771235 is divided by 923706.
117
What is the remainder when 379338 is divided by 436?
18
What is the remainder when 3953031 is divided by 3812?
3799
Calculate the remainder when 71981649 is divided by 1388.
1357
Calculate the remainder when 18353104 is divided by 84.
28
Calculate the remainder when 4146848 is divided by 1048.
960
Calculate the remainder when 337743 is divided by 14549.
3116
What is the remainder when 5921626 is divided by 76?
10
What is the remainder when 17623389 is divided by 2937231?
3
What is the remainder when 13873645 is divided by 6936793?
59
What is the remainder when 37594014 is divided by 709?
707
What is the remainder when 939958 is divided by 117493?
14
Calculate the remainder when 18451649 is divided by 6150539.
32
What is the remainder when 6931672 is divided by 49159?
253
Calculate the remainder when 3183 is divided by 2997.
186
What is the remainder when 7074451 is divided by 1355?
1351
What is the remainder when 46420 is divided by 2725?
95
Calculate the remainder when 1801690 is divided by 1615.
965
What is the remainder when 27076 is divided by 1009?
842
Calculate the remainder when 395408 is divided by 7906.
108
Calculate the remainder when 64098 is divided by 2668.
66
Calculate the remainder when 11205206 is divided by 151420.
126
Calculate the remainder when 584839 is divided by 3375.
964
Calculate the remainder when 284281362 is divided by 109.
97
Calculate the remainder when 97177871 is divided by 32392622.
5
What is the remainder when 37838448 is divided by 345?
228
Calculate the remainder when 70924163 is divided by 19.
13
Calculate the remainder when 337669 is divided by 2680.
2669
What is the remainder when 324009 is divided by 129?
90
Calculate the remainder when 485372 is divided by 481.
43
Calculate the remainder when 311375 is divided by 261.
2
What is the remainder when 438650 is divided by 1883?
1794
Calculate the remainder when 5307 is divided by 681.
540
Calculate the remainder when 61393 is divided by 3836.
17
What is the remainder when 108561983 is divided by 86?
55
What is the remainder when 6340138 is divided by 58?
42
What is the remainder when 6582523 is divided by 125?
23
What is the remainder when 6816 is divided by 1024?
672
Calculate the remainder when 1028436085 is divided by 537.
535
What is the remainder when 42890630 is divided by 147?
146
What is the remainder when 3401365 is divided by 1120?
1045
What is the remainder when 217427 is divided by 291?
50
What is the remainder when 71899 is divided by 1510?
929
Calculate the remainder when 422422 is divided by 740.
622
What is the remainder when 1952277 is divided by 1847?
1845
Calculate the remainder when 16734 is divided by 4159.
98
Calculate the remainder when 101231238 is divided by 190.
188
What is the remainder when 22714 is divided by 1738?
120
Calculate the remainder when 46225 is divided by 926.
851
What is the remainder when 17943766 is divided by 81?
79
What is the remainder when 53232 is divided by 10426?
1102
What is the remainder when 1711227 is divided by 12222?
147
What is the remainder when 81778 is divided by 2728?
2666
Calculate the remainder when 33738560 is divided by 344271.
2
What is the remainder when 1365065 is divided by 227502?
53
What is the remainder when 7220338 is divided by 184?
178
What is the remainder when 2404167 is divided by 12587?
50
What is the remainder when 510888 is divided by 255134?
620
What is the remainder when 300487 is divided by 6447?
3925
What is the remainder when 526603 is divided by 2254?
1421
What is the remainder when 817393 is divided by 81735?
43
What is the remainder when 767693759 is divided by 30?
29
What is the remainder when 80912 is divided by 80875?
37
Calculate the remainder when 456034 is divided by 916.
782
Calculate the remainder when 195920 is divided by 1476.
1088
Calculate the remainder when 307856 is divided by 4527.
20
Calculate the remainder when 360133501 is divided by 82.
79
Calculate the remainder when 44082656 is divided by 14694204.
44
Calculate the remainder when 1651882 is divided by 103231.
186
What is the remainder when 155347 is divided by 74766?
5815
Calculate the remainder when 202